{"version":"1.0","provider_name":"SAHB","provider_url":"https:\/\/sahb.ch\/fr\/","title":"\u00ab La Suisse peut prendre exemple sur Barcelone \u00bb - SAHB","type":"rich","width":600,"height":338,"html":"<blockquote class=\"wp-embedded-content\" data-secret=\"soW41aV9yU\"><a href=\"https:\/\/sahb.ch\/fr\/la-suisse-peut-prendre-exemple-sur-barcelone\/\">\u00ab La Suisse peut prendre exemple sur Barcelone \u00bb<\/a><\/blockquote><iframe sandbox=\"allow-scripts\" security=\"restricted\" src=\"https:\/\/sahb.ch\/fr\/la-suisse-peut-prendre-exemple-sur-barcelone\/embed\/#?secret=soW41aV9yU\" width=\"600\" height=\"338\" title=\"\u00ab\u00a0\u00ab La Suisse peut prendre exemple sur Barcelone \u00bb\u00a0\u00bb &#8212; SAHB\" data-secret=\"soW41aV9yU\" frameborder=\"0\" marginwidth=\"0\" marginheight=\"0\" scrolling=\"no\" class=\"wp-embedded-content\"><\/iframe><script type=\"text\/javascript\">\n\/* <![CDATA[ *\/\n\/*! This file is auto-generated *\/\n!function(d,l){\"use strict\";l.querySelector&&d.addEventListener&&\"undefined\"!=typeof URL&&(d.wp=d.wp||{},d.wp.receiveEmbedMessage||(d.wp.receiveEmbedMessage=function(e){var t=e.data;if((t||t.secret||t.message||t.value)&&!\/[^a-zA-Z0-9]\/.test(t.secret)){for(var s,r,n,a=l.querySelectorAll('iframe[data-secret=\"'+t.secret+'\"]'),o=l.querySelectorAll('blockquote[data-secret=\"'+t.secret+'\"]'),c=new RegExp(\"^https?:$\",\"i\"),i=0;i<o.length;i++)o[i].style.display=\"none\";for(i=0;i<a.length;i++)s=a[i],e.source===s.contentWindow&&(s.removeAttribute(\"style\"),\"height\"===t.message?(1e3<(r=parseInt(t.value,10))?r=1e3:~~r<200&&(r=200),s.height=r):\"link\"===t.message&&(r=new URL(s.getAttribute(\"src\")),n=new URL(t.value),c.test(n.protocol))&&n.host===r.host&&l.activeElement===s&&(d.top.location.href=t.value))}},d.addEventListener(\"message\",d.wp.receiveEmbedMessage,!1),l.addEventListener(\"DOMContentLoaded\",function(){for(var e,t,s=l.querySelectorAll(\"iframe.wp-embedded-content\"),r=0;r<s.length;r++)(t=(e=s[r]).getAttribute(\"data-secret\"))||(t=Math.random().toString(36).substring(2,12),e.src+=\"#?secret=\"+t,e.setAttribute(\"data-secret\",t)),e.contentWindow.postMessage({message:\"ready\",secret:t},\"*\")},!1)))}(window,document);\n\/* ]]> *\/\n<\/script>\n","thumbnail_url":"https:\/\/sahb.ch\/app\/uploads\/2024\/06\/L1070883-scaled.jpg","thumbnail_width":2560,"thumbnail_height":1707,"description":"En 2010, on a diagnostiqu\u00e9 \u00e0 Caroline Baier une scl\u00e9rose en plaques (SEP). Une inflammation du nerf optique a confirm\u00e9 le diagnostic qu\u2019elle soup\u00e7onnait depuis longtemps. Le soutien d\u2019une famille formidable, une attitude positive et des moyens auxiliaires adapt\u00e9s lui permettent de bien s\u2019en sortir. Au quotidien comme en voyage."}

En 2010, on a diagnostiqué à Caroline Baier une sclérose en plaques (SEP). Une inflammation du nerf optique a confirmé le diagnostic qu’elle soupçonnait depuis longtemps. Le soutien d’une famille formidable, une attitude positive et des moyens auxiliaires adaptés lui permettent de bien s’en sortir. Au quotidien comme en voyage.
